e ten thousands digit of 509150?
0
What is the hundreds digit of 6634444?
4
What is the hundred thousands digit of 6952757?
9
What is the tens digit of 683787?
8
What is the tens digit of 1599848?
4
What is the thousands digit of 5586221?
6
What is the units digit of 1182412?
2
What is the tens digit of 708789?
8
What is the units digit of 454670?
0
What is the ten thousands digit of 371663?
7
What is the ten thousands digit of 927239?
2
What is the tens digit of 3109929?
2
What is the thousands digit of 90792?
0
What is the units digit of 27345393?
3
What is the hundreds digit of 22040?
0
What is the thousands digit of 6561122?
1
What is the ten thousands digit of 6598326?
9
What is the hundreds digit of 4824485?
4
What is the ten thousands digit of 100278?
0
What is the hundred thousands digit of 698271?
6
What is the units digit of 23534806?
6
What is the ten thousands digit of 5467383?
6
What is the ten thousands digit of 10394491?
9
What is the tens digit of 230224?
2
What is the units digit of 502831?
1
What is the hundred thousands digit of 904505?
9
What is the hundred thousands digit of 3004769?
0
What is the millions digit of 2155508?
2
What is the hundred thousands digit of 3990060?
9
What is the thousands digit of 4072179?
2
What is the hundreds digit of 915167?
1
What is the thousands digit of 86566?
6
What is the thousands digit of 38634?
8
What is the ten thousands digit of 798372?
9
What is the tens digit of 272735?
3
What is the hundreds digit of 8243655?
6
What is the hundreds digit of 91892?
8
What is the millions digit of 28521025?
8
What is the thousands digit of 2942323?
2
What is the hundreds digit of 391685?
6
What is the ten thousands digit of 160880?
6
What is the hundreds digit of 231428?
4
What is the ten thousands digit of 3507304?
0
What is the hundred thousands digit of 26720703?
7
What is the thousands digit of 2423956?
3
What is the units digit of 2419159?
9
What is the hundreds digit of 142161?
1
What is the tens digit of 24514430?
3
What is the hundreds digit of 54530?
5
What is the ten thousands digit of 791747?
9
What is the units digit of 1390884?
4
What is the millions digit of 1318577?
1
What is the thousands digit of 287219?
7
What is the hundreds digit of 471790?
7
What is the tens digit of 299556?
5
What is the units digit of 5855603?
3
What is the hundred thousands digit of 1345487?
3
What is the hundreds digit of 5198578?
5
What is the thousands digit of 18467042?
7
What is the units digit of 6366294?
4
What is the hundreds digit of 1121667?
6
What is the tens digit of 42952538?
3
What is the units digit of 486466?
6
What is the hundreds digit of 2023032?
0
What is the hundreds digit of 1041739?
7
What is the units digit of 444238?
8
What is the units digit of 689656?
6
What is the hundred thousands digit of 5985569?
9
What is the units digit of 185852?
2
What is the units digit of 2550338?
8
What is the ten thousands digit of 1837852?
3
What is the hundred thousands digit of 199950?
1
What is the units digit of 12904478?
8
What is the thousands digit of 63155?
3
What is the hundreds digit of 133113?
1
What is the units digit of 135140?
0
What is the hundreds digit of 91966?
9
What is the thousands digit of 4414?
4
What is the hundred thousands digit of 10806576?
8
What is the units digit of 63813?
3
What is the units digit of 167737?
7
What is the thousands digit of 416384?
6
What is the hundreds digit of 369729?
7
What is the thousands digit of 481438?
1
What is the hundreds digit of 2313482?
4
What is the hundred thousands digit of 10938260?
9
What is the hundreds digit of 197847?
8
What is the units digit of 144454?
4
What is the tens digit of 1336915?
1
What is the ten thousands digit of 404697?
0
What is the millions digit of 10458539?
0
What is the hundreds digit of 17980080?
0
What is the ten thousands digit of 360589?
6
What is the ten thousands digit of 2287262?
8
What is the units digit of 7003307?
7
What is the units digit of 8218779?
9
What is the hundred thousands digit of 4679293?
6
What is the ten thousands digit of 60295?
6
What is the units digit of 17578?
8
What is the thousands digit of 6246490?
6
What is the ten thousands digit of 747017?
4
What is the hundred thousands digit of 980224?
9
What is the thousands digit of 2122767?
2
What is the millions digit of 1021329?
1
What is the tens digit of 5542358?
5
What is the ten thousands digit of 7614856?
1
What is the tens digit of 8040285?
8
What is the hundreds digit of 983700?
7
What is the units digit of 17726631?
1
What is the hundreds digit of 8049925?
9
What is the hundreds digit of 218739?
7
What is the hundred thousands digit of 1456543?
4
What is the ten thousands digit of 667625?
6
What is the units digit of 138059?
9
What is the tens digit of 13485032?
3
What is the millions digit of 13651551?
3
What is the hundreds digit of 1530314?
3
What is the hundreds digit of 214826?
8
What is the ten thousands digit of 504097?
0
What is the hundreds digit of 645925?
9
What is the thousands digit of 194672?
4
What is the tens digit of 635523?
2
What is the ten thousands digit of 11392334?
9
What is the thousands digit of 260534?
0
What is the units digit of 837487?
7
What is the tens digit of 6014746?
4
What is the tens digit of 5589?
8
What is the hundred thousands digit of 1113737?
1
What is the hundreds digit of 1069455?
4
What is the units digit of 8564667?
7
What is the thousands digit of 243946?
3
What is the ten thousands digit of 125426?
2
What is the hundred thousands digit of 189018?
1
What is the ten thousands digit of 25903648?
0
What is the tens digit of 1976590?
9
What is the ten thousands digit of 4637259?
3
What is the units digit of 915739?
9
What is the hundred thousands digit of 519318?
5
What is the hundreds digit of 19966628?
6
What is the ten thousands digit of 2420222?
2
What is the tens digit of 21738708?
0
What is the thousands digit of 5404317?
4
What is the thousands digit of 3210950?
0
What is the hundred thousands digit of 851969?
8
What is the tens digit of 82076?
7
What is the thousands digit of 105615?
5
What is the thousands digit of 220600?
0
What is the hundred thousands digit of 9861482?
8
What is the hundreds digit of 805538?
5
What is the hundreds digit of 68061?
0
What is the hundreds digit of 29006916?
9
What is the hundreds digit of 20481928?
9
What is the ten thousands digit of 10538091?
3
What is the hundreds digit of 6003570?
5
What is the tens digit of 473915?
1
What is the thousands digit of 5928818?
8
What is the units digit of 9844397?
7
What is the hundred thousands digit of 19069771?
0
What is the millions digit of 1956587?
1
What is the tens digit of 5983874?
7
What is the units digit of 242530?
0
What is the ten thousands digit of 3268541?
6
What is the hundred thousands digit of 1664549?
6
What is the tens digit of 39162?
6
What is the millions digit of 12133834?
2
What is the hundreds digit of 5644347?
3
What is the hundreds digit of 790710?
7
What is the hundred thousands digit of 5271964?
2
What is the thousands digit of 1218388?
8
What is the units digit of 29661049?
9
What is the ten thousands digit of 146136?
4
What is the thousands digit of 9534?
9
What is the thousands digit of 14168193?
8
What is the hundred thousands digit of 4434876?
4
What is the units digit of 1806198?
8
What is the units digit of 21523822?
2
What is the thousands digit of 3254561?
4
What is the ten thousands digit of 71075?
7
What is the hundreds digit of 18569836?
8
What is the tens digit of 3691249?
4
What is the hundreds digit of 4846000?
0
What is the hundred thousands digit of 366406?
3
What is the thousands digit of 255718?
5
What is the millions digit of 1687292?
1
What is the hundred thousands digit of 909319?
9
What is the units digit of 823698?
8
What is the hundred thousands digit of 2423261?
4
What is the units digit of 20036282?
2
What is the hundred thousands digit of 1727186?
7
What is the hundred thousands digit of 4970312?
9
What is the millions digit of 5122797?
5
What is the ten thousands digit of 700307?
0
What is the tens digit of 25612?
1
What is the ten thousands digit of 297953?
9
What is the units digit of 3918851?
1
What is the hundred thousands digit of 271072?
2
What 